s d(h)?
45
Let z(w) = -w**2 - 8. Suppose -3*p + 7*p - 28 = 0. Let v be -6 + (-1 - (p + -14)). Give z(v).
-8
Let m(s) = -9*s**3 - 2*s**2 + s. Let o = -19 + 23. Suppose -4*n = -3*h + 312, o*n + 2*h + 320 = 3*h. Let q = -80 - n. Determine m(q).
-10
Let r be -2 + (-15)/(45/(-12)). Let x(a) = a**3 + 2*a**2 + 1. Let p(n) = n**3 + 5*n**2 + 3. Let f(g) = 2*p(g) - 5*x(g). What is f(r)?
-23
Let l(t) = -t**2 + 7*t - 6. Let z = -196 - -361. Let p = 109 - z. Let q be p/(-10) + (-12)/(-30). Calculate l(q).
0
Let z(l) = 2*l**2 - 9*l + 3. Let v be z(4). Let x be 1 + v + -2 + 7. Let o(w) = -w - 1. Let f(y) = 8*y + 1. Let t(d) = f(d) + 6*o(d). Calculate t(x).
5
Let n = -7934 + 7927. Let y(j) = 14*j + 98. Give y(n).
0
Let x(z) = 3*z - 2*z + 141 - 12*z**2 - 3*z - 285 + 143. Let c = 0 + -1. Determine x(c).
-11
Let i(f) = -f**2 + f + 1. Suppose -h - 3*j + 216 = -4*j, 2*h - 5*j - 441 = 0. Let u = h + -214. What is i(u)?
-1
Suppose 10*f = 6*f + 124. Suppose 2*n = -b + 15, n = b + 4*b - f. Suppose -8*g = b*g. Let r(x) = x**3 + x**2 + x + 1. What is r(g)?
1
Let d(i) = -2*i**2 - 5*i + 12. Suppose -153 + 286 = -105*r - 287. Determine d(r).
0
Let g(c) = -10*c**2 + 8*c + 21. Let t(i) = 15*i**2 - 12*i - 31. Let h(w) = -8*g(w) - 5*t(w). Let s be h(-5). Let d(p) = s + 2*p + 134 - 274. Determine d(8).
8
Let p be 3*(-3 - (-5 + 3)) - 10. Let a(k) = k**3 + 87*k - 45*k + 13*k**2 - 41*k + 10 - 7. Determine a(p).
-10
Let r(z) = -z**2 + 4*z + 10. Let d(y) = 3*y**3 + y**2 + 21*y - 4. Let x be d(0). Give r(x).
-22
Let m(i) = 2*i - 9. Let o be 14/(-6) + (-203)/21. Determine m(o).
-33
Let b(g) = g**2 + 3*g - 4. Suppose 0 = 98*m - 97*m. Suppose -2*j = -4*u + 3*j + 30, -u + 3*j + 11 = m. Suppose 0 = -u*q - 2*q - 35. Determine b(q).
6
Suppose 5*w = -z + 7, w + 2*z = 15 - 10. Suppose 9 = -5*o - w. Let c(s) = -s**2 + 2*s - 1. Determine c(o).
-9
Let w be ((-14)/4)/(13/(-26)). Suppose 2*l - 6*u - 15 = -u, 5*l - 6 = 2*u. Let s(y) = -3*y - y**3 + 6*y**2 + 8 + l + 4*y + 5*y. Calculate s(w).
1
Let y(w) = -115*w**2 + w**3 + 21 + 233*w**2 - 28*w - 115*w**2 + 27*w. Calculate y(-6).
-81
Let a(o) be the first derivative of o**2 + 52*o + 4471. Give a(-26).
0
Let o = 0 - -3. Suppose -4*v - 12 = o*g, 4*v - 3*g + 20 = -8*g. Suppose -5*x + v*r = 3*r - 27, r - 7 = -x. Let z(u) = u**2 - 4*u + 4. Give z(x).
1
Let r(j) = 8*j + 3. Let m be -3*2/(-39) - (-119)/(-13). Let v = 0 - m. Suppose v*o + 9 = 6*o. Determine r(o).
-21
Let z(n) = -2 - 6 + 3*n - 5*n + 2. Let w = -785 + 782. Give z(w).
0
Let v(p) = -p**3 - 9*p**2 - 3*p - 34. Let j(a) = a**2 - 88*a - 474. Let w be j(93). Give v(w).
-7
Let i(t) be the third derivative of t**4/24 - 5*t**3/2 - 631*t**2 - 2. Calculate i(16).
1
Let s(r) = -202 - 4*r - 212 + 644 - 205. Determine s(4).
9
Let n = -147 - -142. Let g(j) = -j**3 + 4*j**2 - j - 4. Let d be g(3). Let l = d + n. Let p(m) = m**2 + 2*m + 4. Calculate p(l).
7
Let v be -15 + (-8)/4 + 3. Let b be 44/(-154) + (-4)/v. Let z(n) = -n**3 + n**2 - 1. Determine z(b).
-1
Let s(y) = -2*y**2 + 3*y + 4. Let f be s(3). Let j = -350 - -352. Let q(w) = -20*w + 6 + 11*w - w**3 + 14*w - 4*w**j. Give q(f).
6
Let w be (6/4)/(3/(-4)). Let i(d) = 10*d + 0 + 21 - 9 - 9. Calculate i(w).
-17
Let v(j) = j**2 - 8*j + 2. Suppose -21*i - 106 = -23*i. Let b = -49 + i. Suppose -b*y + 8 + 16 = 0. What is v(y)?
-10
Let f be (1 - (1 - 2)) + -3. Let w(q) be the third derivative of 0*q + 7*q**2 + 0 - 1/6*q**3 - 1/8*q**4. Determine w(f).
2
Let a(o) = -20*o + 387. Let m = -320 - -340. Let s be a(m). Let i(y) be the first derivative of y**3/3 + 13*y**2/2 + 1. Determine i(s).
0
Let s(z) = 15*z**3 + 12*z**2 - 19*z + 120. Let p(l) = 26*l**3 + 23*l**2 - 37*l + 241. Let g(j) = 4*p(j) - 7*s(j). Calculate g(8).
4
Suppose -3*f + 1 = k, k - 4*f + 107 = 108. Let i(v) = -v. Calculate i(k).
-1
Let b = 26584 + -26588. Let s(d) = -2*d**3 - 10*d**2 - 3*d - 11. Determine s(b).
-31
Let z = 5194 + -5197. Let r(x) = -35*x - 1. Determine r(z).
104
Let y(r) = -2*r**3 - 11*r**2 - 2*r - 1. Suppose -14*s + 9*s + p = 29, -4*p = -2*s - 26. Determine y(s).
-16
Let v(b) = -b**2 - 22*b + 232. Let r be v(8). Let w(i) be the third derivative of i**5/60 + 7*i**4/24 - 5*i**3/6 - 4*i**2. Give w(r).
3
Let d(s) be the first derivative of -66 + 1/2*s**2 - 2*s. What is d(-6)?
-8
Let x(n) = -n**3 - 11*n**2 + 2*n + 15. Suppose -5*d - 3*d - 120 = 0. Let h = 4 + d. What is x(h)?
-7
Let u(t) = -t**2 + t + 15. Suppose 109 = 5*p - 2*n + 61, 5*p + 3*n - 28 = 0. Determine u(p).
-41
Suppose 4*c - 3*c = 0, 2*c + 4 = 2*k. Let f(q) = -2*q + 3*q**k - 11 - q - 2*q. Let u(l) = l**2 - 2*l - 4. Let d(w) = 6*f(w) - 17*u(w). Calculate d(-4).
2
Let a(m) be the second derivative of m**5/5 + m**4/6 - m**2 + 14*m + 3. Give a(1).
4
Let j be (-5)/((2 + 1)/(-3)). Let a(h) = 5*h - 2. Let d(r) = -3*r + 1. Let l(n) = 2*a(n) + 3*d(n). What is l(j)?
4
Let y(k) = k**3 - 5*k**2 - 3*k + 2. Suppose -20 = 4*h + 2*n - 6*n, 0 = -2*h + n - 10. Let q(d) = d**3 + 5*d**2 - 3*d - 9. Let t be q(h). Give y(t).
20
Let b be 12/39 - 9072/1092. Let u(l) = 8*l + 71. What is u(b)?
7
Let r(d) = 2*d + 6. Let i be ((-42)/(-15) - 1)*-15. Let b = i + 30. Suppose -b*x - 6*w + 3*w = -33, -5*w + 34 = 2*x. What is r(x)?
20
Let k(v) be the first derivative of 5*v**4/2 + v**3/3 - v**2/2 + 31. Let u = 82 + -81. Determine k(u).
10
Let u = 304 + -306. Let v(t) = -52*t + 8. Let i(l) = 17*l - 3. Let q(a) = 14*i(a) + 5*v(a). Calculate q(u).
42
Let k be (3 + -5 + -13)/(2 - 3). Let l(o) = k + 0*o + 2*o + 22 - 2*o**2 - 38. Determine l(2).
-5
Let y = 4533 + -4541. Let k(s) = s**2 + 4*s - 3. Calculate k(y).
29
Let i(j) = -20*j - 406. Let x be i(-20). Let d(t) = t + 6. Determine d(x).
0
Let m(u) = -u**2 - 10*u - 5. Let y be m(-8). Let i(w) be the second derivative of -2*w**3/3 + 11*w**2/2 + 114*w + 4. Calculate i(y).
-33
Let w(v) = -26*v**2 - 66*v - 36. Let g be w(-2). Let b(n) = -n**3 - 6*n**2 + 19*n + 25. Determine b(g).
1
Suppose 21*y = 144*y + 14*y. Let a(v) = -v - 1. Suppose 20 = 2*s - 6*s. Let b(u) = -4*u - 7. Let m(g) = s*a(g) + b(g). Give m(y).
-2
Let s(d) = -3*d**3 + 10*d + 5 + 8*d**3 - 4*d**3 + 12*d**2. Let b be (-10)/45 + 2813/(-261). Give s(b).
16
Let p = -3892 - -3885. Let j(m) = -2*m**2 - 7*m + 3. Determine j(p).
-46
Let i(d) = 23*d + 1. Let k be i(-1). Let a = 22 + k. Let u(h) be the first derivative of h**4/4 + h**2/2 - 5*h - 44. Determine u(a).
-5
Let r(n) be the third derivative of -n**7/5040 + n**6/80 + 14*n**5/15 - 44*n**2. Let i(w) be the third derivative of r(w). Give i(4).
5
Let m(h) = -h**2 + 14*h - 38. Suppose 9*w = 7*w + 41*w - 351. Calculate m(w).
7
Let m(n) = -88 - 269*n - 24 + 280*n - 19. Determine m(12).
1
Let p(z) = -9*z + 48. Let t(q) = 10*q - 54. Let w(j) = -3*p(j) - 4*t(j). Give w(7).
-19
Let b(i) be the first derivative of -i**3/3 - 23*i**2/2 + 22*i - 7385. Give b(-25).
-28
Let z(t) = t**2 + 88*t + 4. Let h be z(0). Let m(k) be the first derivative of -h*k - 20 + 1/2*k**2. What is m(6)?
2
Let i(j) be the first derivative of j**4/4 + 3*j**3 - 3*j**2/2 + 2*j - 548. What is i(-9)?
29
Let x(r) = 454019*r - 15 - 7 - 454022*r. Let c(n) = -n - 7. Let f be c(0). What is x(f)?
-1
Let d(n) = -5*n**2 + 5*n - 7. Let c(p) = p**2 - p + 2. Let q(i) = -4*c(i) - d(i). Let a = -4 - -2. Let r be q(a). Let l(w) = w**2 - 5*w - 4. Give l(r).
-4
Let q = -1607 + 1611. Let r(v) be the first derivative of -4/3*v**3 - 1/4*v**q + 6*v - 12 + 3/2*v**2. Calculate r(-4).
-6
Let k(y) = -y**2 + 4. Let a(s) = -s**3 + 3*s**2 + 16*s - 12. Let j(f) = a(f) + k(f). Calculate j(4).
24
Let y(v) = 13*v + 13. Let b(m) = -26*m - 24. Let g(c) = 2*b(c) + 5*y(c). Calculate g(0).
17
Suppose 34 = 5*t - 3*f, -68 = -5*t - 2*f - 24. Let k(d) = 5*d**2 - 2 - 5*d**2 + d**2 - t*d. Suppose 0 = 219*a - 60*a - 380 - 762 - 130. Give k(a).
-2
Let k = -10 + 8. Let h be -5 + (k - -7) + -2. Let f(l) = l - 2. Determine f(h).
-4
Let j(v) be the first derivative of v**3/3 - 6*v**2 + 23*v + 2120. What is j(7)?
-12
Let d(o) = 3*o**2 - 2*o. Let s = 381 - 384. Let x be (-1)/((s/(-6))/(7/7)). Give d(x).
16
Let u(k) = k + k**2 + 6 + k**2 - 3*k**2. Let l(g) = -3*g**3 - 2*g**2 + 5. Let f be l(0). Suppose 2*z - f*r + 20 = 3*z, 0 = -3*z + 5*r - 20. Give u(z).
6
Let i(z) = 46*z**2 - 86*z - 103. Let c(y) = 11*y**2 - 22*y - 26. Let b(p) = -25*c(p) + 6*i(p). Give b(-33).
-1
Let l(w) = -5*w**2 + 13*w**2